{"id":1338,"date":"2024-07-04T20:49:28","date_gmt":"2024-07-04T20:49:28","guid":{"rendered":"https:\/\/manospanaderas.com\/?post_type=product&#038;p=1338"},"modified":"2024-07-05T16:49:32","modified_gmt":"2024-07-05T16:49:32","slug":"refrigerador-rb630","status":"publish","type":"product","link":"https:\/\/manospanaderas.com\/index.php\/product\/refrigerador-rb630\/","title":{"rendered":"Refrigerador RB630"},"content":{"rendered":"<p><span style=\"font-weight: 400;\">Refrigerador 2 puertas 1039 litros.<\/span><\/p>\n<p><span style=\"font-weight: 400;\">Puerta de vidrio doble de alta eficiencia con vidrio exterior con templado de seguridad que asegura un m\u00ednimo intercambio de calor con el ambiente.<\/span><\/p>\n<p><span style=\"font-weight: 400;\">Sistema de iluminaci\u00f3n LED inmerso en el gabinete que permite la m\u00e1xima visibilidad con el menor consumo de energ\u00eda.<\/span><\/p>\n<p><span style=\"font-weight: 400;\">Control electr\u00f3nico que garantiza el enfriamiento del producto a la temperatura adecuada mientras mantiene la eficiencia energ\u00e9tica.<\/span><\/p>\n<p><span style=\"font-weight: 400;\">Condensador de bajo mantenimiento dise\u00f1ado para reducir 50% el mantenimiento preventivo, adem\u00e1s permite disipar la mayor cantidad de calor en el equipo.<\/span><\/p>\n<p><span style=\"font-weight: 400;\">Alto: 183cm<\/span><\/p>\n<p><span style=\"font-weight: 400;\">Frente: 137.4cm<\/span><\/p>\n<p><span style=\"font-weight: 400;\">Fondo: 72cm<\/span><\/p>\n<p><span style=\"font-weight: 400;\">Rango de temp.: 0\u00baC a 6\u00baC<\/span><\/p>\n<p><span style=\"font-weight: 400;\">Tipo de control: Electr\u00f3nico<\/span><\/p>\n<p><span style=\"font-weight: 400;\">Capacidad: 1039 litros<\/span><\/p>\n<p><span style=\"font-weight: 400;\">Parrillas ajustables: 6 Hp\u00a0 1\/2<\/span><\/p>\n<p><span style=\"font-weight: 400;\">Voltaje: 115-127V \/ 60Hz<\/span><\/p>\n<p><span style=\"font-weight: 400;\">Corriente: 8.0 A<\/span><\/p>\n","protected":false},"excerpt":{"rendered":"<p>Refrigerador 2 puertas 1039 litros. Puerta de vidrio doble de alta eficiencia con vidrio exterior con templado de seguridad que asegura un m\u00ednimo intercambio de calor con el ambiente. Sistema de iluminaci\u00f3n LED inmerso en el gabinete que permite la m\u00e1xima visibilidad con el menor consumo de energ\u00eda. Control electr\u00f3nico que garantiza el enfriamiento del [&hellip;]<\/p>\n","protected":false},"featured_media":1339,"comment_status":"open","ping_status":"closed","template":"","meta":[],"product_cat":[30],"product_tag":[],"class_list":{"0":"post-1338","1":"product","2":"type-product","3":"status-publish","4":"has-post-thumbnail","6":"product_cat-refrigeradores","8":"first","9":"instock","10":"shipping-taxable","11":"product-type-simple"},"_links":{"self":[{"href":"https:\/\/manospanaderas.com\/index.php\/wp-json\/wp\/v2\/product\/1338"}],"collection":[{"href":"https:\/\/manospanaderas.com\/index.php\/wp-json\/wp\/v2\/product"}],"about":[{"href":"https:\/\/manospanaderas.com\/index.php\/wp-json\/wp\/v2\/types\/product"}],"replies":[{"embeddable":true,"href":"https:\/\/manospanaderas.com\/index.php\/wp-json\/wp\/v2\/comments?post=1338"}],"wp:featuredmedia":[{"embeddable":true,"href":"https:\/\/manospanaderas.com\/index.php\/wp-json\/wp\/v2\/media\/1339"}],"wp:attachment":[{"href":"https:\/\/manospanaderas.com\/index.php\/wp-json\/wp\/v2\/media?parent=1338"}],"wp:term":[{"taxonomy":"product_cat","embeddable":true,"href":"https:\/\/manospanaderas.com\/index.php\/wp-json\/wp\/v2\/product_cat?post=1338"},{"taxonomy":"product_tag","embeddable":true,"href":"https:\/\/manospanaderas.com\/index.php\/wp-json\/wp\/v2\/product_tag?post=1338"}],"curies":[{"name":"wp","href":"https:\/\/api.w.org\/{rel}","templated":true}]}}