{"id":1847,"date":"2025-02-12T16:07:57","date_gmt":"2025-02-12T16:07:57","guid":{"rendered":"https:\/\/manospanaderas.com\/?post_type=product&#038;p=1847"},"modified":"2025-02-12T16:07:57","modified_gmt":"2025-02-12T16:07:57","slug":"cafetera-automatica","status":"publish","type":"product","link":"https:\/\/manospanaderas.com\/index.php\/product\/cafetera-automatica\/","title":{"rendered":"cafetera automatica"},"content":{"rendered":"<div>\n<div>\n<p>CAFETERA AUTOM\u00c1TICA ELECTR\u00d3NICA CON DOSAJE PROGRAMABLE. CARROCERIA EN ACERO INOXIDABLE BRILLANTE. CALDERA DE 4 LT. BOMBEADOR VOLUM\u00c9TRICO INCORPORADO CON BY-PASS BALANCEADO. AUTONIVEL ELECTR\u00d3NICO DE SERIE. MANDO DE EROGACI\u00d3N DE CAF\u00c9 CON BOTONERA PARA DOSAJE VOLUM\u00c9TRICO (PROGRAMABLE DE 0 A 3000 CC) CON 4 DOSIS POR GRUPO, Y PULSANTE PARA LA EROGACI\u00d3N CONTINUA. SALIDA AGUA CALIENTE CON DOSAJE PROGRAMABLE Y AUTOM\u00c1TICO CON MANDO DESDE LA BOTONERA. TERM\u00d3STATO DE SEGURIDAD PARTE EL\u00c9CTRICA. POTENCIA DE 1200 W \/ 127 V. PESO 47 KG. CAPACIDAD EN TAZAS POR HORA: 50-70. MEDIDAS EXTERIORES: 42 X 54 X 50 CM.<\/p>\n<\/div>\n<\/div>\n","protected":false},"excerpt":{"rendered":"<p>modelo stilo es60<\/p>\n","protected":false},"featured_media":1848,"comment_status":"open","ping_status":"closed","template":"","meta":[],"product_cat":[56],"product_tag":[],"class_list":{"0":"post-1847","1":"product","2":"type-product","3":"status-publish","4":"has-post-thumbnail","6":"product_cat-cafeteras","8":"first","9":"instock","10":"shipping-taxable","11":"product-type-simple"},"_links":{"self":[{"href":"https:\/\/manospanaderas.com\/index.php\/wp-json\/wp\/v2\/product\/1847"}],"collection":[{"href":"https:\/\/manospanaderas.com\/index.php\/wp-json\/wp\/v2\/product"}],"about":[{"href":"https:\/\/manospanaderas.com\/index.php\/wp-json\/wp\/v2\/types\/product"}],"replies":[{"embeddable":true,"href":"https:\/\/manospanaderas.com\/index.php\/wp-json\/wp\/v2\/comments?post=1847"}],"wp:featuredmedia":[{"embeddable":true,"href":"https:\/\/manospanaderas.com\/index.php\/wp-json\/wp\/v2\/media\/1848"}],"wp:attachment":[{"href":"https:\/\/manospanaderas.com\/index.php\/wp-json\/wp\/v2\/media?parent=1847"}],"wp:term":[{"taxonomy":"product_cat","embeddable":true,"href":"https:\/\/manospanaderas.com\/index.php\/wp-json\/wp\/v2\/product_cat?post=1847"},{"taxonomy":"product_tag","embeddable":true,"href":"https:\/\/manospanaderas.com\/index.php\/wp-json\/wp\/v2\/product_tag?post=1847"}],"curies":[{"name":"wp","href":"https:\/\/api.w.org\/{rel}","templated":true}]}}