{"id":475,"date":"2024-03-16T19:40:32","date_gmt":"2024-03-16T19:40:32","guid":{"rendered":"https:\/\/manospanaderas.com\/?post_type=product&#038;p=475"},"modified":"2024-06-11T02:48:10","modified_gmt":"2024-06-11T02:48:10","slug":"batidora-40-litros","status":"publish","type":"product","link":"https:\/\/manospanaderas.com\/index.php\/product\/batidora-40-litros\/","title":{"rendered":"Batidora 46 litros TORREY"},"content":{"rendered":"<p><span style=\"font-weight: 400;\">Batidora de 46 litros de capacidad de usos m\u00faltiples y tres velocidades ideales para batir, mezclar o amasar altos vol\u00famenes<\/span><\/p>\n<p>&nbsp;<\/p>\n<ul>\n<li><span style=\"font-weight: 400;\">Taz\u00f3n de acero inoxidable de grado alimenticio desmontable<\/span><\/li>\n<li><span style=\"font-weight: 400;\">Accesorios intercambiables: globo, gancho y paleta incluidos<\/span><\/li>\n<li><span style=\"font-weight: 400;\">Taz\u00f3n abatible para f\u00e1cil operaci\u00f3n con guarda de seguridad<\/span><\/li>\n<li><span style=\"font-weight: 400;\">Controles laterales de f\u00e1cil acceso<\/span><\/li>\n<li><span style=\"font-weight: 400;\">Palanca de velocidades de f\u00e1cil operaci\u00f3n<\/span><\/li>\n<\/ul>\n<p>&nbsp;<\/p>\n","protected":false},"excerpt":{"rendered":"<p>Batidora para 40 litros<\/p>\n","protected":false},"featured_media":1136,"comment_status":"open","ping_status":"closed","template":"","meta":[],"product_cat":[26],"product_tag":[],"class_list":{"0":"post-475","1":"product","2":"type-product","3":"status-publish","4":"has-post-thumbnail","6":"product_cat-batidora","8":"first","9":"instock","10":"shipping-taxable","11":"product-type-simple"},"_links":{"self":[{"href":"https:\/\/manospanaderas.com\/index.php\/wp-json\/wp\/v2\/product\/475"}],"collection":[{"href":"https:\/\/manospanaderas.com\/index.php\/wp-json\/wp\/v2\/product"}],"about":[{"href":"https:\/\/manospanaderas.com\/index.php\/wp-json\/wp\/v2\/types\/product"}],"replies":[{"embeddable":true,"href":"https:\/\/manospanaderas.com\/index.php\/wp-json\/wp\/v2\/comments?post=475"}],"wp:featuredmedia":[{"embeddable":true,"href":"https:\/\/manospanaderas.com\/index.php\/wp-json\/wp\/v2\/media\/1136"}],"wp:attachment":[{"href":"https:\/\/manospanaderas.com\/index.php\/wp-json\/wp\/v2\/media?parent=475"}],"wp:term":[{"taxonomy":"product_cat","embeddable":true,"href":"https:\/\/manospanaderas.com\/index.php\/wp-json\/wp\/v2\/product_cat?post=475"},{"taxonomy":"product_tag","embeddable":true,"href":"https:\/\/manospanaderas.com\/index.php\/wp-json\/wp\/v2\/product_tag?post=475"}],"curies":[{"name":"wp","href":"https:\/\/api.w.org\/{rel}","templated":true}]}}